vative of -w**4/12 - 4*w**3/3 + w**2/2 - 3*w. What is the remainder when m(-4) is divided by v(1)?
5
Calculate the remainder when 4 is divided by (-21 + 25)*(2 + -1).
0
Calculate the remainder when 2/14 - 2860/(-70) is divided by 14.
13
Let j be ((-28)/(-12))/(1/3). Let s = j - 3. What is the remainder when 32 is divided by 46/s - (-3)/(-6)?
10
Let f = -6 - -8. Let w be 66/14 - 4/(-14). Suppose 0*i + i - w = 0. What is the remainder when i is divided by f?
1
Let x = 143 + -68. Suppose 3*c - 2*v + 7*v - x = 0, 3*c + 3*v = 69. Suppose 2*d - d - c = 0. Calculate the remainder when d is divided by 11.
9
Let j(y) = y**2 - 5*y + 28. Calculate the remainder when 53 is divided by j(5).
25
Suppose 3*i - 7 = 2*i. Suppose -5*q - 4*g + 20 = 0, -3*q + 3*g - 4 = -16. What is the remainder when i is divided by q?
3
Let v be ((-32)/(-6))/((-6)/27). Let l = v + 40. Calculate the remainder when l is divided by 9.
7
What is the remainder when 36 is divided by 156/15 + 8/(-20)?
6
Let x(v) = 2*v + 6. Let n be x(-5). Let k(r) = -11*r - 6. Calculate the remainder when k(n) is divided by 10.
8
Let g be (-2)/(-4)*(-72)/3. What is the remainder when (63/14)/((-2)/g) is divided by 14?
13
Let j = 0 + -3. Let i be 0 - 1/(j/39). Suppose 0 = 5*b - 4*b - i. What is the remainder when b is divided by 4?
1
Suppose 5*j = 4*n - 35, 0 = j - 0*j + 3. Calculate the remainder when (-2)/(-8) - 31/(-4) is divided by n.
3
Suppose 4*j + 4*b = -4, 2*j = j + 5*b + 17. Let s(o) = o - 2. Calculate the remainder when (j - 1) + 5 + 1 is divided by s(5).
1
Let y = -11 - 5. Let v = y - -27. What is the remainder when v is divided by 4?
3
Suppose 0 - 2 = -u. Suppose 0 = -6*m + 2*m + 8. Suppose 3*h - 2 = m*d, -2*h = d - 0*h - 13. Calculate the remainder when d is divided by u.
1
Let c be ((-66)/(-5))/((-16)/(-40)). Let r = c - 21. What is the remainder when 47 is divided by r?
11
Let a(x) = x**2 - 19*x + 32. What is the remainder when 53 is divided by a(18)?
11
Let u(c) = c. Suppose -2*q + 4*r - 20 = 0, 66 = -2*q - 2*q - 5*r. Let g = -10 - q. What is the remainder when 6 is divided by u(g)?
2
Let b be -3*(2 - 3) + -2. Suppose -2*f + 7 = -b, -5*t + 50 = -5*f. What is the remainder when t is divided by 8?
6
Let r = 31 - 18. Let m = 0 + 1. Suppose -m = 3*x - 16. Calculate the remainder when r is divided by x.
3
Let i(m) = -m**2 + m + 10. Suppose 0 = -3*v - 3*v + 24. Suppose 1 = v*f - 75. Calculate the remainder when f is divided by i(0).
9
Let p(u) be the third derivative of -u**5/60 - 17*u**4/24 - u**3/2 + 4*u**2. Calculate the remainder when p(-12) is divided by 15.
12
Suppose -4*u - 1 + 21 = 0. Let n = -1 + u. Calculate the remainder when 7 is divided by n.
3
Let a(s) = -8*s + 1. Calculate the remainder when a(-5) is divided by 11.
8
Suppose 3 - 5 = -2*b - 2*h, 0 = 4*h + 8. Suppose b - 39 = 3*g. Let i = 8 - g. Calculate the remainder when 58 is divided by i.
18
Let v be (-3 - 0) + (50 - 0). Suppose i - 24 = 3*s, -4*s = -4*i + 9 + v. Calculate the remainder when i is divided by 4.
1
Let q(p) = 3*p - 4. Let v(m) = m**2 - 8*m + 4. Let n be v(8). What is the remainder when 15 is divided by q(n)?
7
Let m(n) = -17*n - 9. Let y = -21 - -36. What is the remainder when y is divided by m(-1)?
7
Let u = -1 - -5. Let n(w) = 17*w + 3. What is the remainder when n(u) is divided by 24?
23
Suppose 11*m - 6*m = 20. What is the remainder when 7 is divided by m?
3
Let s be 1 + (-3)/3*1. Suppose s = -3*r - r + 12. Calculate the remainder when r is divided by 3.
0
Let i be (-6)/(-27) - 2/9. Let q be -5 + (i + 2 - 2). Calculate the remainder when 8/40 + (-249)/q is divided by 13.
11
Let t(c) = c**2 + 3*c + 1. Let i = 11 - 6. What is the remainder when t(i) is divided by 14?
13
Calculate the remainder when 47 - (6 + -4 + 2) is divided by 11.
10
Let w = 5 - -6. What is the remainder when 65 is divided by w?
10
Let q = -9 - -13. Suppose 2*y = q*n - 84, -5*y = -7*n + 2*n + 95. Calculate the remainder when n is divided by 7/14*32/2.
7
Suppose 0 = 4*q + 72 + 64. What is the remainder when (q + 1)/((-12)/8) is divided by ((-4)/(-3))/((-2)/(-18))?
10
Suppose 2*x - 7 = -2*g + 17, 5*x + 10 = 0. Calculate the remainder when g is divided by 4.
2
Let i(x) = 0*x**3 + 0*x - x**3 - x - x**2. Let k = -22 - -38. What is the remainder when k is divided by i(-2)?
4
Suppose -4*c - 28 = 4*b, 2*b - 2 = 4*b - c. Let v(w) = w**2 + 6*w - 7. What is the remainder when v(-8) is divided by ((-12)/10)/(b/10)?
1
Let p(v) = v**3 - 24*v**2 + 23*v + 9. What is the remainder when p(23) is divided by 2?
1
Let o = 40 - 27. Calculate the remainder when 25 is divided by o.
12
Let s(t) = t**2 - 10*t - 1. Let y be s(6). Let z = 10 - y. What is the remainder when z is divided by 9?
8
Let c = -15 - 0. Let t = c + 26. What is the remainder when t is divided by 7?
4
Let q be ((-8)/(-10))/(8/20). Calculate the remainder when 49 is divided by ((-13)/q)/((-7)/14).
10
Suppose 4*o = 3*o - 7. Let w = 10 + o. Suppose 3*p - 76 = -w*c - p, 0 = -5*c - 5*p + 120. Calculate the remainder when c is divided by 11.
9
Suppose -2*m = -2 - 2. Let u(a) = a**2 + 8*a - 9. Let j be u(-11). Suppose -j + 9 = -5*d. What is the remainder when d is divided by m?
1
Suppose 7*g + 55 = 2*g. Let k = -2 - g. What is the remainder when 16 is divided by k?
7
Suppose -4*n - 2*n + 552 = 0. Suppose -4*o + n = -2*o. Calculate the remainder when o is divided by 12.
10
Suppose 66 = 2*o + 46. Calculate the remainder when 35 is divided by o.
5
Let c = 28 + -17. Let w(q) = -c*q**2 + 3 + 12*q**2 + 5*q + q. Calculate the remainder when 9 is divided by w(-6).
0
Suppose 3*g = 30 + 9. Suppose -5*l = -2*v + 105, v - 72 = -0*v - 4*l. What is the remainder when ((-20)/6)/((-4)/v) is divided by g?
11
Suppose -v + 7 = 3. Suppose 0 = -5*z + 5*o + 90, -2 + v = -z - 4*o. Suppose -4 + z = n. Calculate the remainder when 18 is divided by n.
8
Suppose -5*i - v = -i - 159, 0 = 4*i + 5*v - 139. Calculate the remainder when i is divided by 15.
11
Let m be 0 + -1 + -3 + 16. Let j = 18 - m. What is the remainder when j is divided by 4?
2
Suppose 2*n + 28 = -2*n. Let p(m) = m**2 + 7*m + 9. Let k be p(n). Suppose -k = -3*j - 3*r, -4*r = -2 - 2. What is the remainder when j is divided by 1?
0
Suppose -3*r = -r. Suppose r = -2*g + 15 + 7. Suppose 3*i - 91 = s, -3*s = -2*i + 54 + 2. Calculate the remainder when i is divided by g.
9
Suppose 35 - 85 = -2*b. Calculate the remainder when 67 is divided by b.
17
Let t be 3/(-3) - (7 - -1). Calculate the remainder when 26 is divided by (-237)/(-27) + (-2)/t.
8
Suppose -7 + 21 = h. What is the remainder when 13 is divided by -3 - (0 - h) - 3?
5
Suppose h + 4 = 2*h. Suppose 2*b = -4*n + 28, b + h*b - 130 = 5*n. What is the remainder when 85 is divided by b?
19
Let o = -56 - -119. What is the remainder when o is divided by 16?
15
Let u(a) = a**2 - 8*a + 18. Calculate the remainder when 36 is divided by u(7).
3
Let l(c) = -c**2 + 5*c - 3. Let y(a) = a**3 - 2*a**2 + 6*a - 3. Let v(x) = 4*l(x) - 3*y(x). Calculate the remainder when v(-3) is divided by 23.
21
Let v(m) = 9*m**2 - 2*m - 8. Suppose -5*d + 35 = -10. Calculate the remainder when v(-2) is divided by d.
5
Suppose -3*h = -7*h + 3*m - 7, -h - 4*m + 22 = 0. What is the remainder when 3 is divided by h?
1
Let q be (2 + 0)*194/4. Suppose 5*t - 48 = q. Calculate the remainder when t is divided by 10.
9
Let g = 4 + -1. Suppose -3*c + 5 = -4*c, -2*c - g = u. Suppose u*h - 2*h - 30 = 0. What is the remainder when 17 is divided by h?
5
Let u(w) = w**3 - 4*w**2 + 2*w - 10. Calculate the remainder when 124 is divided by u(5).
24
Suppose 0 = -5*m + 6 + 9. What is the remainder when m is divided by 2?
1
Suppose -2*z - 4*m = -34, 2*m - 4 = -3*z + 39. Calculate the remainder when 51 is divided by z.
12
Suppose -4*q - 2 = 3*b, -b + q = 2*b - 23. Let f = 16 + b. Let i = 56 + -14. Calculate the remainder when i is divided by f.
20
Suppose -456 - 32 = -4*u. What is the remainder when u is divided by 42?
38
Suppose 61 = j - 5*t + t, 102 = 2*j - 3*t. What is the remainder when j is divided by 23?
22
What is the remainder when 68 is divided by 1/(-7) - (-5328)/252?
5
Calculate the remainder when 18 is divided by 2*20/(-32)*-4.
3
Suppose 5*t = 52 + 3. Suppose -y + 14 = -28. Calculate the remainder when y is divided by t.
9
Suppose 25 = 5*k, -8*k + 3*k 